usands digit of 579526375?
5
What is the ten thousands digit of 126437680?
3
What is the units digit of 2052588336?
6
What is the tens digit of 525932184?
8
What is the ten millions digit of 1350389552?
5
What is the thousands digit of 29250866?
0
What is the hundreds digit of 224501804?
8
What is the ten millions digit of 172451542?
7
What is the ten thousands digit of 98910047?
1
What is the hundred thousands digit of 37283192?
2
What is the ten thousands digit of 1017729744?
2
What is the thousands digit of 1070043421?
3
What is the units digit of 402193855?
5
What is the hundred thousands digit of 270148010?
1
What is the millions digit of 49953623?
9
What is the hundreds digit of 49403675?
6
What is the tens digit of 532389976?
7
What is the units digit of 2172699031?
1
What is the tens digit of 273604008?
0
What is the hundred millions digit of 6287002447?
2
What is the hundreds digit of 894468525?
5
What is the units digit of 153069567?
7
What is the ten millions digit of 30451305?
3
What is the millions digit of 258345631?
8
What is the ten millions digit of 989875251?
8
What is the hundred thousands digit of 60789262?
7
What is the hundred thousands digit of 3760583886?
5
What is the hundred thousands digit of 435723308?
7
What is the thousands digit of 32530757?
0
What is the thousands digit of 488910047?
0
What is the billions digit of 2835298225?
2
What is the units digit of 39430948?
8
What is the tens digit of 397119710?
1
What is the units digit of 7367341977?
7
What is the ten millions digit of 549405100?
4
What is the millions digit of 101493546?
1
What is the tens digit of 18231328?
2
What is the units digit of 25460788?
8
What is the millions digit of 563862065?
3
What is the billions digit of 5346861585?
5
What is the hundreds digit of 161608367?
3
What is the units digit of 2454335739?
9
What is the thousands digit of 204175795?
5
What is the hundred millions digit of 143988457?
1
What is the thousands digit of 437023077?
3
What is the thousands digit of 46985312?
5
What is the hundred millions digit of 513478405?
5
What is the hundred millions digit of 1450677183?
4
What is the hundreds digit of 575316503?
5
What is the hundreds digit of 84798548?
5
What is the ten millions digit of 25025167?
2
What is the tens digit of 2068118862?
6
What is the billions digit of 1139698895?
1
What is the ten thousands digit of 34714101?
1
What is the units digit of 34999353?
3
What is the thousands digit of 29250496?
0
What is the hundred millions digit of 100599451?
1
What is the hundred millions digit of 2443433115?
4
What is the billions digit of 1469507181?
1
What is the millions digit of 108612326?
8
What is the units digit of 1936781877?
7
What is the ten thousands digit of 208550234?
5
What is the millions digit of 197697017?
7
What is the units digit of 445645080?
0
What is the ten millions digit of 179570465?
7
What is the ten millions digit of 2199083618?
9
What is the billions digit of 3066439590?
3
What is the billions digit of 2728695154?
2
What is the ten thousands digit of 285432388?
3
What is the millions digit of 59787171?
9
What is the ten thousands digit of 219698681?
9
What is the billions digit of 1943167559?
1
What is the billions digit of 3141766650?
3
What is the millions digit of 40279599?
0
What is the tens digit of 121453307?
0
What is the tens digit of 29571245?
4
What is the hundreds digit of 337355610?
6
What is the units digit of 136181543?
3
What is the thousands digit of 310946835?
6
What is the thousands digit of 7551479?
1
What is the hundred millions digit of 251093474?
2
What is the millions digit of 224437388?
4
What is the ten thousands digit of 59571182?
7
What is the ten millions digit of 124971375?
2
What is the ten millions digit of 33559549?
3
What is the billions digit of 2422121014?
2
What is the ten thousands digit of 3276110858?
1
What is the tens digit of 6637366071?
7
What is the hundreds digit of 134286590?
5
What is the millions digit of 691456821?
1
What is the thousands digit of 28823856?
3
What is the units digit of 982999671?
1
What is the thousands digit of 24173666?
3
What is the units digit of 76341666?
6
What is the hundred thousands digit of 64569450?
5
What is the units digit of 5491231902?
2
What is the ten millions digit of 12930626?
1
What is the millions digit of 77494204?
7
What is the tens digit of 1015929687?
8
What is the ten thousands digit of 637501593?
0
What is the thousands digit of 545330558?
0
What is the hundreds digit of 45748328?
3
What is the tens digit of 42414815?
1
What is the billions digit of 1184210392?
1
What is the thousands digit of 191567646?
7
What is the millions digit of 165484534?
5
What is the hundreds digit of 6676201269?
2
What is the millions digit of 1438460?
1
What is the millions digit of 416871450?
6
What is the ten millions digit of 613319415?
1
What is the hundred thousands digit of 8609515?
6
What is the hundred millions digit of 162485193?
1
What is the hundreds digit of 86429605?
6
What is the ten thousands digit of 320891197?
9
What is the ten thousands digit of 65491819?
9
What is the thousands digit of 334323207?
3
What is the ten millions digit of 50628466?
5
What is the thousands digit of 91871256?
1
What is the ten millions digit of 102322184?
0
What is the hundred millions digit of 1681325329?
6
What is the units digit of 48688445?
5
What is the millions digit of 38478563?
8
What is the thousands digit of 189065684?
5
What is the hundred millions digit of 435824989?
4
What is the thousands digit of 95706235?
6
What is the hundred thousands digit of 322045424?
0
What is the units digit of 2314659379?
9
What is the tens digit of 167694601?
0
What is the tens digit of 6159005371?
7
What is the millions digit of 438627048?
8
What is the thousands digit of 7327465713?
5
What is the ten thousands digit of 3038030531?
3
What is the ten millions digit of 1012976823?
1
What is the tens digit of 2716036633?
3
What is the hundreds digit of 2685879471?
4
What is the thousands digit of 710729677?
9
What is the millions digit of 845157537?
5
What is the hundreds digit of 5418226?
2
What is the thousands digit of 31279910?
9
What is the billions digit of 3611045236?
3
What is the ten thousands digit of 392071826?
7
What is the ten thousands digit of 154184814?
8
What is the hundreds digit of 1157200799?
7
What is the ten millions digit of 228396205?
2
What is the hundreds digit of 20124600?
6
What is the thousands digit of 94884700?
4
What is the tens digit of 5054247877?
7
What is the ten millions digit of 124057405?
2
What is the ten thousands digit of 9981617?
8
What is the ten thousands digit of 87160055?
6
What is the hundred millions digit of 184757876?
1
What is the units digit of 76522766?
6
What is the hundred thousands digit of 28305692?
3
What is the hundred thousands digit of 198276931?
2
What is the millions digit of 313046961?
3
What is the hundred thousands digit of 780774485?
7
What is the thousands digit of 27744524?
4
What is the hundred millions digit of 190781712?
1
What is the ten thousands digit of 4562462?
6
What is the millions digit of 592974217?
2
What is the tens digit of 66607386?
8
What is the tens digit of 10925635?
3
What is the millions digit of 21903127?
1
What is the thousands digit of 33379901?
9
What is the thousands digit of 1170044715?
4
What is the ten millions digit of 199794015?
9
What is the thousands digit of 1352968495?
8
What is the millions digit of 190354350?
0
What is the thousands digit of 192134808?
4
What is the units digit of 1776818116?
6
What is the hundred millions digit of 114216048?
1
What is the ten millions digit of 91631065?
9
What is the millions digit of 4533638646?
3
What is the units digit of 5779350?
0
What is the hundred thousands digit of 27078751?
0
What is the hundred millions digit of 3768713970?
7
What is the hundreds digit of 24470731?
7
What is the hundreds digit of 107784871?
8
What is the thousands digit of 88636627?
6
What is the ten millions digit of 120828643?
2
What is the millions digit of 1057113262?
7
What is the hundred thousands digit of 473307101?
3
What is the ten thousands digit of 927047032?
4
What is the ten thousands digit of 2612913?
1
What is t